{"id":5929,"date":"2020-08-22T20:47:57","date_gmt":"2020-08-22T18:47:57","guid":{"rendered":"https:\/\/www.gillinger.at\/psychotherapie\/?page_id=5929"},"modified":"2026-08-31T11:15:10","modified_gmt":"2026-08-31T09:15:10","slug":"daniela-gillinger","status":"publish","type":"page","link":"https:\/\/www.gillinger.at\/psychotherapie\/daniela-gillinger\/","title":{"rendered":"\u00dcBER MICH"},"content":{"rendered":"\n<p class=\"has-text-align-center has-neve-text-color-color has-text-color has-link-color wp-elements-a771caeaf2e6d14af6d53b683c6aed60 wp-block-paragraph\" style=\"font-size:17px\"><\/p>\n\n\n\n<div class=\"wp-block-media-text is-stacked-on-mobile\" style=\"border-width:1px;border-top-left-radius:33px;border-top-right-radius:33px;border-bottom-left-radius:33px;border-bottom-right-radius:33px;padding-top:var(--wp--preset--spacing--50);padding-right:var(--wp--preset--spacing--60);padding-bottom:var(--wp--preset--spacing--50);padding-left:var(--wp--preset--spacing--60);grid-template-columns:35% auto\"><figure class=\"wp-block-media-text__media\"><img loading=\"lazy\" decoding=\"async\" width=\"681\" height=\"451\" src=\"https:\/\/www.gillinger.at\/psychotherapie\/wp-content\/uploads\/2025\/04\/Portrait.jpg\" alt=\"\" class=\"wp-image-11223 size-full\" srcset=\"https:\/\/www.gillinger.at\/psychotherapie\/wp-content\/uploads\/2025\/04\/Portrait.jpg 681w, https:\/\/www.gillinger.at\/psychotherapie\/wp-content\/uploads\/2025\/04\/Portrait-300x199.jpg 300w\" sizes=\"auto, (max-width: 681px) 100vw, 681px\" \/><\/figure><div class=\"wp-block-media-text__content\">\n<p class=\"wp-block-paragraph\"><\/p>\n\n\n\n<p class=\"has-neve-text-color-color has-text-color has-link-color wp-elements-ac2a852eb921530abe99bb6415e30dda wp-block-paragraph\" style=\"font-size:16px\"><strong>Psychotherapeutin (Humanistische Therapie\/Integrative Therapie) <\/strong><br>zert. Paartherapeutin (GLE) <br>zert. Traumatherapeutin (ZAP) <br>European Certificate of Psychotherapy (ECP)<br>Lehrtherapeutin f\u00fcr Integrative Therapie (Universit\u00e4t f\u00fcr Weiterbildung Krems)<\/p>\n\n\n\n<h2 class=\"wp-block-heading has-neve-text-color-color has-text-color has-link-color wp-elements-53f2e4d15556f55cbd31969b6d8bb5fe\" style=\"font-size:16px\"><strong>Wahltherapeutin f\u00fcr Einzelpsychotherapie,<br>Kassentherapeutin f\u00fcr Gruppenpsychotherapie (\u00d6GK, BVAEB, SVS)<\/strong><\/h2>\n<\/div><\/div>\n\n\n\n<div style=\"height:35px\" aria-hidden=\"true\" class=\"wp-block-spacer\"><\/div>\n\n\n\n<p class=\"wp-block-paragraph\">Als Psychotherapeutin begleite ich Menschen mit psychischen Erkrankungen und Beschwerden sowie in pers\u00f6nlichen Entwicklungsprozessen, bei beruflichen Ver\u00e4nderungen sowie in belastenden Lebensphasen. <\/p>\n\n\n\n<p class=\"wp-block-paragraph\"><strong>Berufst\u00e4tigkeit: <\/strong><br>\u2022&nbsp;seit 2024: Studiengangsleitung\/Senior Lecturer f\u00fcr das Masterstudium Psychotherapie (Fachspezifikum Integrative Therapie) an der<strong> <\/strong><a href=\"https:\/\/www.donau-uni.ac.at\/de.html\" target=\"_blank\" rel=\"noopener\">Universit\u00e4t f\u00fcr Weiterbildung Krems<\/a> <br>\u2022 seit 2024: Lehrtherapeutin f\u00fcr Integrative Therapie an der <a href=\"https:\/\/www.donau-uni.ac.at\/de.html\" target=\"_blank\" rel=\"noopener\">Universit\u00e4t f\u00fcr Weiterbildung Krems<\/a> <strong><br><\/strong>\u2022&nbsp;seit 2016: Psychotherapeutin in freier Praxis<br>\u2022&nbsp;2023-2026: externe Lehrende an der <a href=\"https:\/\/www.kl.ac.at\/de\" target=\"_blank\" rel=\"noopener\">Karl Landsteiner Privatuniversit\u00e4t f\u00fcr Gesundheitswissenschaften Krems<\/a><br>\u2022&nbsp;2016-2026: Teamleitung an der <a href=\"https:\/\/www.psychotherapieinfo.at\" target=\"_blank\" rel=\"noopener\">Clearingstelle f\u00fcr Psychotherapie N\u00d6<\/a> <br>\u2022&nbsp;15 Jahre Unterrichtst\u00e4tigkeit<\/p>\n\n\n\n<p class=\"wp-block-paragraph\"><strong>Berufsausbildung:<\/strong> <br>\u2022&nbsp;Masterstudium Psychotherapie \/ Fachspezifikum Integrative Therapie (Donau Universit\u00e4t Krems)<br>\u2022 Psychotherapeutisches Prop\u00e4deutikum (Pro mente Wien) <br>\u2022&nbsp;Klinische Ausbildungspraktika im Universit\u00e4tsklinikum Tulln\/Erwachsenenpsychiatrie, im Sanatorium Maimonides Wien sowie bei pro mente Wien<br>\u2022&nbsp;Psychosoziale Ausbildungspraktika in der Jugendwohngemeinschaft Festland Wien sowie in der Beratungsstelle f\u00fcr Haftentlassene Wien<\/p>\n\n\n\n<p class=\"wp-block-paragraph\"><strong>Weitere Studien:<\/strong><br>\u2022&nbsp;Lehramtsstudium f\u00fcr AHS (Wien) &amp; Studium der Bildungswissenschaft (Universit\u00e4t Wien)<br>\u2022&nbsp;k\u00fcnstlerische Musikstudien (Wien, Br\u00fcssel, Leipzig, Mainz)<\/p>\n\n\n<style>#sp-ea-8635 .spcollapsing { height: 0; overflow: hidden; transition-property: height;transition-duration: 300ms;}#sp-ea-8635.sp-easy-accordion>.sp-ea-single {margin-bottom: 10px; border: 1px solid #e2e2e2; }#sp-ea-8635.sp-easy-accordion>.sp-ea-single>.ea-header a {color: #444;}#sp-ea-8635.sp-easy-accordion>.sp-ea-single>.sp-collapse>.ea-body {background: #fff; color: #444;}#sp-ea-8635.sp-easy-accordion>.sp-ea-single {background: #eee;}#sp-ea-8635.sp-easy-accordion>.sp-ea-single>.ea-header a .ea-expand-icon { float: left; color: #444;font-size: 16px;}<\/style><div id=\"sp_easy_accordion-1692364400\"><div id=\"sp-ea-8635\" class=\"sp-ea-one sp-easy-accordion\" data-ea-active=\"ea-click\" data-ea-mode=\"vertical\" data-preloader=\"\" data-scroll-active-item=\"\" data-offset-to-scroll=\"0\"><div class=\"ea-card sp-ea-single\"><h3 class=\"ea-header\"><a class=\"collapsed\" id=\"ea-header-86350\" role=\"button\" data-sptoggle=\"spcollapse\" data-sptarget=\"#collapse86350\" aria-controls=\"collapse86350\" href=\"#\" aria-expanded=\"false\" tabindex=\"0\"><i aria-hidden=\"true\" role=\"presentation\" class=\"ea-expand-icon eap-icon-ea-expand-plus\"><\/i> Psychotherapeutische Fortbildungen (Auswahl)<\/a><\/h3><div class=\"sp-collapse spcollapse spcollapse\" id=\"collapse86350\" data-parent=\"#sp-ea-8635\" role=\"region\" aria-labelledby=\"ea-header-86350\"> <div class=\"ea-body\"><p><strong>Traumatherapie<\/strong><br \/>- Fachtagung <em>Trauma trifft Immunsystem<\/em>\u00a0(2024, \u00d6NT Wien)<br \/>- Lehrgang <em>Trauma-Psychotherapie<\/em> (2019-2023, Zentrum f\u00fcr angewandte Psychotraumatologie Wien)<br \/>- Fortbildungsreihe<em> Ego State Therapie<\/em> (2022, Milton Erickson Gesellschaft Austria, W. Hartmann)<br \/>- Lehrgang<em> Imagery Rescripting and Reprocessing Therapy <\/em>\u00a0(2021, IRRT Wien, Mervyn Schmucker)<br \/>- Skillstraining (2021, E. Sutor-Sendera, VPA Wien)<\/p><p><strong>Autismus-Spektrum<\/strong><br \/>- M\u00e4dchen und Frauen im Autismus-Spektrum (Bettina Lindmeier, Universit\u00e4t Wien, 2025)<br \/>- Autismus-Spektrum-St\u00f6rungen (Alexandra Sinzinger, VPA Wien, 2023)<br \/>- Das Asperger Syndrom (Sandra Graf, Dachverband \u00d6. Autistenhilfe), 2023<\/p><p><strong>Mentalisierungsbasierte Therapie<\/strong><br \/><em>Mentalisierungsbasierte Psychotherapie<\/em> Basiskurs (zertifiziert durch das Anna Freud Institut London, S. Euler &amp; S. Taubner, 2023)<\/p><p><strong>Fachtagungen<\/strong><br \/>- Fachtagung der Humanistischen Psychotherapien (G\u00d6G), 2026<br \/>- World Congress for Psychotherapy (WCP\/SFU Wien), 2025<br \/>- Erste \u00d6sterreichische Fachtagung der Humanistischen Psychotherapien (G\u00d6G), 2025<br \/>- Fachtagungen im Bereich Kinder- und Jugendpsychotherapie (LK Mauer, Ki-Ju-Netzwerk N\u00d6, pro juventute)<br \/>- Narzissmus-Tagung (2019, VPA)<br \/>- Tourette-Tagung (2019, \u00d6sterreichische Tourette-Gesellschaft)<\/p><p><strong>Operationalisierte psychodynamische Diagnostik<\/strong><br \/>Curriculum<em> OPD 3<\/em>\u00a0(2023, V\u00d6PP, Stephan D\u00f6ring)<\/p><p><strong>Gruppenpsychotherapie<\/strong><br \/>- Seminarreihe \"Gruppendynamik\" (2023, E. Adler &amp; K. Schulte, V\u00d6PP)<br \/>- Seminarreihe \"Integrative Gruppenpsychotherapie\" (2024, R. Reichel, \u00d6GIT)<\/p><p><strong>Paartherapie<\/strong><br \/>Lehrgang <em>Existenzanalytische Paartherapie<\/em> (2018-2019, GLE Wien, Susanne Pointner)<\/p><p><strong>Gerontopsychotherapie<\/strong><br \/>Fortbildung zur <em>Gerontopsychosozialen Beraterin<\/em>\u00a0(2015, agenetwork, 1070 Wien)<\/p><p><strong>K\u00f6rperfokussierte Aus- und Weiterbildungen<\/strong><br \/>- Musiktherapeutische und atemtherapeutische Interventionen in der Integrativen Therapie (2015, \u00d6GIT)<br \/>- Lehrgang f\u00fcr bewegungs- &amp; tanztherapeutische Interventionen \u00a0(2013-2014, \u00d6GIT, Auguste Reichel)<br \/>- Ausbildung zur zertifizierten Yoga-Trainerin gem. Richtlinie der Yogavereinigung \u00d6sterreich (2008-2010, Institut Vedavital Wien)<br \/>- Ausbildung gewerbl. Massage (2003-2010, ESI Wien\/M\u00fcnster\/Heidelberg\/Rom)<br \/>- Universit\u00e4tslehrgang <em>Atem, Stimme und Bewegung<\/em> (1999-2001, Universit\u00e4t f\u00fcr Musik und darst. Kunst Wien)<\/p><p>&nbsp;<\/p><\/div><\/div><\/div><\/div><\/div>\n\n\n\n<div style=\"height:17px\" aria-hidden=\"true\" class=\"wp-block-spacer\"><\/div>\n\n\n\n<p class=\"wp-block-paragraph\"><strong>Mitgliedschaft:<\/strong><br>\u2022&nbsp;<a href=\"http:\/\/www.psychotherapie-niederoesterreich.at\" target=\"_blank\" rel=\"noreferrer noopener\">Nieder\u00f6sterreichische Gesellschaft f\u00fcr psychotherapeutische Versorgung<\/a>&nbsp;(N\u00d6GPV)<br>\u2022&nbsp;<a href=\"https:\/\/www.europsyche.org\" target=\"_blank\" rel=\"noreferrer noopener\">European Association for Psychotherapy<\/a>&nbsp;(EAP)<br>\u2022&nbsp;<a href=\"https:\/\/oent.at\" target=\"_blank\" rel=\"noreferrer noopener\">\u00d6sterreichisches Netzwerk f\u00fcr Traumatherapie<\/a>&nbsp;(\u00d6NT)<br>\u2022&nbsp;<a href=\"https:\/\/www.oegit.at\" target=\"_blank\" rel=\"noreferrer noopener\">\u00d6sterreichische Gesellschaft f\u00fcr Integrative Therapie<\/a>&nbsp;(\u00d6GIT)<\/p>\n\n\n\n<p class=\"wp-block-paragraph\"><\/p>\n\n\n\n<div style=\"height:23px\" aria-hidden=\"true\" class=\"wp-block-spacer\"><\/div>\n\n\n\n<p class=\"wp-block-paragraph\"><\/p>\n\n\n\n<p class=\"wp-block-paragraph\"><\/p>\n","protected":false},"excerpt":{"rendered":"<p>Psychotherapeutin (Humanistische Therapie\/Integrative Therapie) zert. Paartherapeutin (GLE) zert. Traumatherapeutin (ZAP) European Certificate of Psychotherapy (ECP)Lehrtherapeutin f\u00fcr Integrative Therapie (Universit\u00e4t f\u00fcr Weiterbildung Krems) Wahltherapeutin f\u00fcr Einzelpsychotherapie,Kassentherapeutin f\u00fcr Gruppenpsychotherapie (\u00d6GK, BVAEB, SVS) Als Psychotherapeutin begleite ich Menschen mit psychischen Erkrankungen und Beschwerden sowie in pers\u00f6nlichen Entwicklungsprozessen, bei beruflichen Ver\u00e4nderungen sowie in belastenden Lebensphasen. Berufst\u00e4tigkeit: \u2022&nbsp;seit 2024: Studiengangsleitung\/Senior&hellip;&nbsp;<a href=\"https:\/\/www.gillinger.at\/psychotherapie\/daniela-gillinger\/\" rel=\"bookmark\">Weiterlesen &raquo;<span class=\"screen-reader-text\">\u00dcBER MICH<\/span><\/a><\/p>\n","protected":false},"author":1,"featured_media":0,"parent":0,"menu_order":0,"comment_status":"closed","ping_status":"closed","template":"","meta":{"neve_meta_sidebar":"full-width","neve_meta_container":"","neve_meta_enable_content_width":"on","neve_meta_content_width":100,"neve_meta_title_alignment":"","neve_meta_author_avatar":"","neve_post_elements_order":"","neve_meta_disable_header":"","neve_meta_disable_footer":"","neve_meta_disable_title":"","footnotes":""},"class_list":["post-5929","page","type-page","status-publish","hentry"],"_links":{"self":[{"href":"https:\/\/www.gillinger.at\/psychotherapie\/wp-json\/wp\/v2\/pages\/5929","targetHints":{"allow":["GET"]}}],"collection":[{"href":"https:\/\/www.gillinger.at\/psychotherapie\/wp-json\/wp\/v2\/pages"}],"about":[{"href":"https:\/\/www.gillinger.at\/psychotherapie\/wp-json\/wp\/v2\/types\/page"}],"author":[{"embeddable":true,"href":"https:\/\/www.gillinger.at\/psychotherapie\/wp-json\/wp\/v2\/users\/1"}],"replies":[{"embeddable":true,"href":"https:\/\/www.gillinger.at\/psychotherapie\/wp-json\/wp\/v2\/comments?post=5929"}],"version-history":[{"count":909,"href":"https:\/\/www.gillinger.at\/psychotherapie\/wp-json\/wp\/v2\/pages\/5929\/revisions"}],"predecessor-version":[{"id":12442,"href":"https:\/\/www.gillinger.at\/psychotherapie\/wp-json\/wp\/v2\/pages\/5929\/revisions\/12442"}],"wp:attachment":[{"href":"https:\/\/www.gillinger.at\/psychotherapie\/wp-json\/wp\/v2\/media?parent=5929"}],"curies":[{"name":"wp","href":"https:\/\/api.w.org\/{rel}","templated":true}]}}

ÜBER MICH

<p class="has-text-align-center has-neve-text-color-color has-text-color has-link-color wp-elements-a771caeaf2e6d14af6d53b683c6aed60 wp-block-paragraph" style="font-size:17px"></p>



<div class="wp-block-media-text is-stacked-on-mobile" style="border-width:1px;border-top-left-radius:33px;border-top-right-radius:33px;border-bottom-left-radius:33px;border-bottom-right-radius:33px;padding-top:var(--wp--preset--spacing--50);padding-right:var(--wp--preset--spacing--60);padding-bottom:var(--wp--preset--spacing--50);padding-left:var(--wp--preset--spacing--60);grid-template-columns:35% auto"><figure class="wp-block-media-text__media"><img loading="lazy" decoding="async" width="681" height="451" src="https://www.gillinger.at/psychotherapie/wp-content/uploads/2025/04/Portrait.jpg" alt="" class="wp-image-11223 size-full" srcset="https://www.gillinger.at/psychotherapie/wp-content/uploads/2025/04/Portrait.jpg 681w, https://www.gillinger.at/psychotherapie/wp-content/uploads/2025/04/Portrait-300x199.jpg 300w" sizes="auto, (max-width: 681px) 100vw, 681px" /></figure><div class="wp-block-media-text__content">
<p class="wp-block-paragraph"></p>



<p class="has-neve-text-color-color has-text-color has-link-color wp-elements-ac2a852eb921530abe99bb6415e30dda wp-block-paragraph" style="font-size:16px"><strong>Psychotherapeutin (Humanistische Therapie/Integrative Therapie) </strong><br>zert. Paartherapeutin (GLE) <br>zert. Traumatherapeutin (ZAP) <br>European Certificate of Psychotherapy (ECP)<br>Lehrtherapeutin für Integrative Therapie (Universität für Weiterbildung Krems)</p>



<h2 class="wp-block-heading has-neve-text-color-color has-text-color has-link-color wp-elements-53f2e4d15556f55cbd31969b6d8bb5fe" style="font-size:16px"><strong>Wahltherapeutin für Einzelpsychotherapie,<br>Kassentherapeutin für Gruppenpsychotherapie (ÖGK, BVAEB, SVS)</strong></h2>
</div></div>



<div style="height:35px" aria-hidden="true" class="wp-block-spacer"></div>



<p class="wp-block-paragraph">Als Psychotherapeutin begleite ich Menschen mit psychischen Erkrankungen und Beschwerden sowie in persönlichen Entwicklungsprozessen, bei beruflichen Veränderungen sowie in belastenden Lebensphasen. </p>



<p class="wp-block-paragraph"><strong>Berufstätigkeit: </strong><br>•&nbsp;seit 2024: Studiengangsleitung/Senior Lecturer für das Masterstudium Psychotherapie (Fachspezifikum Integrative Therapie) an der<strong> </strong><a href="https://www.donau-uni.ac.at/de.html" target="_blank" rel="noopener">Universität für Weiterbildung Krems</a> <br>• seit 2024: Lehrtherapeutin für Integrative Therapie an der <a href="https://www.donau-uni.ac.at/de.html" target="_blank" rel="noopener">Universität für Weiterbildung Krems</a> <strong><br></strong>•&nbsp;seit 2016: Psychotherapeutin in freier Praxis<br>•&nbsp;2023-2026: externe Lehrende an der <a href="https://www.kl.ac.at/de" target="_blank" rel="noopener">Karl Landsteiner Privatuniversität für Gesundheitswissenschaften Krems</a><br>•&nbsp;2016-2026: Teamleitung an der <a href="https://www.psychotherapieinfo.at" target="_blank" rel="noopener">Clearingstelle für Psychotherapie NÖ</a> <br>•&nbsp;15 Jahre Unterrichtstätigkeit</p>



<p class="wp-block-paragraph"><strong>Berufsausbildung:</strong> <br>•&nbsp;Masterstudium Psychotherapie / Fachspezifikum Integrative Therapie (Donau Universität Krems)<br>• Psychotherapeutisches Propädeutikum (Pro mente Wien) <br>•&nbsp;Klinische Ausbildungspraktika im Universitätsklinikum Tulln/Erwachsenenpsychiatrie, im Sanatorium Maimonides Wien sowie bei pro mente Wien<br>•&nbsp;Psychosoziale Ausbildungspraktika in der Jugendwohngemeinschaft Festland Wien sowie in der Beratungsstelle für Haftentlassene Wien</p>



<p class="wp-block-paragraph"><strong>Weitere Studien:</strong><br>•&nbsp;Lehramtsstudium für AHS (Wien) &amp; Studium der Bildungswissenschaft (Universität Wien)<br>•&nbsp;künstlerische Musikstudien (Wien, Brüssel, Leipzig, Mainz)</p>


<style>#sp-ea-8635 .spcollapsing { height: 0; overflow: hidden; transition-property: height;transition-duration: 300ms;}#sp-ea-8635.sp-easy-accordion>.sp-ea-single {margin-bottom: 10px; border: 1px solid #e2e2e2; }#sp-ea-8635.sp-easy-accordion>.sp-ea-single>.ea-header a {color: #444;}#sp-ea-8635.sp-easy-accordion>.sp-ea-single>.sp-collapse>.ea-body {background: #fff; color: #444;}#sp-ea-8635.sp-easy-accordion>.sp-ea-single {background: #eee;}#sp-ea-8635.sp-easy-accordion>.sp-ea-single>.ea-header a .ea-expand-icon { float: left; color: #444;font-size: 16px;}</style><div id="sp_easy_accordion-1692364400"><div id="sp-ea-8635" class="sp-ea-one sp-easy-accordion" data-ea-active="ea-click" data-ea-mode="vertical" data-preloader="" data-scroll-active-item="" data-offset-to-scroll="0"><div class="ea-card sp-ea-single"><h3 class="ea-header"><a class="collapsed" id="ea-header-86350" role="button" data-sptoggle="spcollapse" data-sptarget="#collapse86350" aria-controls="collapse86350" href="#" aria-expanded="false" tabindex="0"><i aria-hidden="true" role="presentation" class="ea-expand-icon eap-icon-ea-expand-plus"></i> Psychotherapeutische Fortbildungen (Auswahl)</a></h3><div class="sp-collapse spcollapse spcollapse" id="collapse86350" data-parent="#sp-ea-8635" role="region" aria-labelledby="ea-header-86350"> <div class="ea-body"><p><strong>Traumatherapie</strong><br />- Fachtagung <em>Trauma trifft Immunsystem</em> (2024, ÖNT Wien)<br />- Lehrgang <em>Trauma-Psychotherapie</em> (2019-2023, Zentrum für angewandte Psychotraumatologie Wien)<br />- Fortbildungsreihe<em> Ego State Therapie</em> (2022, Milton Erickson Gesellschaft Austria, W. Hartmann)<br />- Lehrgang<em> Imagery Rescripting and Reprocessing Therapy </em> (2021, IRRT Wien, Mervyn Schmucker)<br />- Skillstraining (2021, E. Sutor-Sendera, VPA Wien)</p><p><strong>Autismus-Spektrum</strong><br />- Mädchen und Frauen im Autismus-Spektrum (Bettina Lindmeier, Universität Wien, 2025)<br />- Autismus-Spektrum-Störungen (Alexandra Sinzinger, VPA Wien, 2023)<br />- Das Asperger Syndrom (Sandra Graf, Dachverband Ö. Autistenhilfe), 2023</p><p><strong>Mentalisierungsbasierte Therapie</strong><br /><em>Mentalisierungsbasierte Psychotherapie</em> Basiskurs (zertifiziert durch das Anna Freud Institut London, S. Euler &amp; S. Taubner, 2023)</p><p><strong>Fachtagungen</strong><br />- Fachtagung der Humanistischen Psychotherapien (GÖG), 2026<br />- World Congress for Psychotherapy (WCP/SFU Wien), 2025<br />- Erste Österreichische Fachtagung der Humanistischen Psychotherapien (GÖG), 2025<br />- Fachtagungen im Bereich Kinder- und Jugendpsychotherapie (LK Mauer, Ki-Ju-Netzwerk NÖ, pro juventute)<br />- Narzissmus-Tagung (2019, VPA)<br />- Tourette-Tagung (2019, Österreichische Tourette-Gesellschaft)</p><p><strong>Operationalisierte psychodynamische Diagnostik</strong><br />Curriculum<em> OPD 3</em> (2023, VÖPP, Stephan Döring)</p><p><strong>Gruppenpsychotherapie</strong><br />- Seminarreihe "Gruppendynamik" (2023, E. Adler &amp; K. Schulte, VÖPP)<br />- Seminarreihe "Integrative Gruppenpsychotherapie" (2024, R. Reichel, ÖGIT)</p><p><strong>Paartherapie</strong><br />Lehrgang <em>Existenzanalytische Paartherapie</em> (2018-2019, GLE Wien, Susanne Pointner)</p><p><strong>Gerontopsychotherapie</strong><br />Fortbildung zur <em>Gerontopsychosozialen Beraterin</em> (2015, agenetwork, 1070 Wien)</p><p><strong>Körperfokussierte Aus- und Weiterbildungen</strong><br />- Musiktherapeutische und atemtherapeutische Interventionen in der Integrativen Therapie (2015, ÖGIT)<br />- Lehrgang für bewegungs- &amp; tanztherapeutische Interventionen  (2013-2014, ÖGIT, Auguste Reichel)<br />- Ausbildung zur zertifizierten Yoga-Trainerin gem. Richtlinie der Yogavereinigung Österreich (2008-2010, Institut Vedavital Wien)<br />- Ausbildung gewerbl. Massage (2003-2010, ESI Wien/Münster/Heidelberg/Rom)<br />- Universitätslehrgang <em>Atem, Stimme und Bewegung</em> (1999-2001, Universität für Musik und darst. Kunst Wien)</p><p>&nbsp;</p></div></div></div></div></div>



<div style="height:17px" aria-hidden="true" class="wp-block-spacer"></div>



<p class="wp-block-paragraph"><strong>Mitgliedschaft:</strong><br>•&nbsp;<a href="http://www.psychotherapie-niederoesterreich.at" target="_blank" rel="noreferrer noopener">Niederösterreichische Gesellschaft für psychotherapeutische Versorgung</a>&nbsp;(NÖGPV)<br>•&nbsp;<a href="https://www.europsyche.org" target="_blank" rel="noreferrer noopener">European Association for Psychotherapy</a>&nbsp;(EAP)<br>•&nbsp;<a href="https://oent.at" target="_blank" rel="noreferrer noopener">Österreichisches Netzwerk für Traumatherapie</a>&nbsp;(ÖNT)<br>•&nbsp;<a href="https://www.oegit.at" target="_blank" rel="noreferrer noopener">Österreichische Gesellschaft für Integrative Therapie</a>&nbsp;(ÖGIT)</p>



<p class="wp-block-paragraph"></p>



<div style="height:23px" aria-hidden="true" class="wp-block-spacer"></div>



<p class="wp-block-paragraph"></p>



<p class="wp-block-paragraph"></p>

<p>Psychotherapeutin (Humanistische Therapie/Integrative Therapie) zert. Paartherapeutin (GLE) zert. Traumatherapeutin (ZAP) European Certificate of Psychotherapy (ECP)Lehrtherapeutin für Integrative Therapie (Universität für Weiterbildung Krems) Wahltherapeutin für Einzelpsychotherapie,Kassentherapeutin für Gruppenpsychotherapie (ÖGK, BVAEB, SVS) Als Psychotherapeutin begleite ich Menschen mit psychischen Erkrankungen und Beschwerden sowie in persönlichen Entwicklungsprozessen, bei beruflichen Veränderungen sowie in belastenden Lebensphasen. Berufstätigkeit: •&nbsp;seit 2024: Studiengangsleitung/Senior&hellip;&nbsp;<a href="https://www.gillinger.at/psychotherapie/daniela-gillinger/" rel="bookmark">Weiterlesen &raquo;<span class="screen-reader-text">ÜBER MICH</span></a></p>
