{"id":9334,"date":"2022-11-04T18:03:13","date_gmt":"2022-11-04T17:03:13","guid":{"rendered":"https:\/\/www.gillinger.at\/psychotherapie\/?page_id=9334"},"modified":"2026-01-02T23:03:42","modified_gmt":"2026-01-02T22:03:42","slug":"gruppenpsychotherapie","status":"publish","type":"page","link":"https:\/\/www.gillinger.at\/psychotherapie\/gruppenpsychotherapie\/","title":{"rendered":"Gruppenpsychotherapie"},"content":{"rendered":"\n<p class=\"has-neve-link-color-color has-text-color has-link-color wp-elements-acb11d7edf75e2d6968d8d3c9f0f78a6\">Als Vertragspartnerin ist es mir m\u00f6glich, kassenfinanzierte Gruppentherapiepl\u00e4tze f\u00fcr Versicherte der \u00d6GK, BVAEB und SVS anzubieten.<\/p>\n\n\n\n<div style=\"height:20px\" aria-hidden=\"true\" class=\"wp-block-spacer\"><\/div>\n\n\n\n<div class=\"wp-block-media-text is-stacked-on-mobile\" style=\"grid-template-columns:49% auto\"><figure class=\"wp-block-media-text__media\"><img loading=\"lazy\" decoding=\"async\" width=\"1024\" height=\"1024\" src=\"https:\/\/www.gillinger.at\/psychotherapie\/wp-content\/uploads\/2022\/06\/group-2351896-1024x1024.png\" alt=\"Therapiegruppe\" class=\"wp-image-8522 size-full\" srcset=\"https:\/\/www.gillinger.at\/psychotherapie\/wp-content\/uploads\/2022\/06\/group-2351896-1024x1024.png 1024w, https:\/\/www.gillinger.at\/psychotherapie\/wp-content\/uploads\/2022\/06\/group-2351896-300x300.png 300w, https:\/\/www.gillinger.at\/psychotherapie\/wp-content\/uploads\/2022\/06\/group-2351896-150x150.png 150w, https:\/\/www.gillinger.at\/psychotherapie\/wp-content\/uploads\/2022\/06\/group-2351896-768x768.png 768w, https:\/\/www.gillinger.at\/psychotherapie\/wp-content\/uploads\/2022\/06\/group-2351896-1536x1536.png 1536w, https:\/\/www.gillinger.at\/psychotherapie\/wp-content\/uploads\/2022\/06\/group-2351896.png 1920w\" sizes=\"auto, (max-width: 1024px) 100vw, 1024px\" \/><\/figure><div class=\"wp-block-media-text__content\">\n<p>Gruppentherapie gilt als sehr wirksame Therapieform unter anderem bei <strong>sozialen \u00c4ngsten, Panikattacken, R\u00fcckzugsverhalten, Depression, psychosomatischen Erkrankungen, Traumafolgesymptomatik<\/strong>, f\u00fcr Menschen im <strong>Autismus-Spektrum<\/strong>. <\/p>\n\n\n\n<p>Insbesondere eignet sich Gruppentherapie auch <strong>weiterf\u00fchrend nach einem station\u00e4ren Rehaaufenthalt<\/strong>. Oftmals ist auch eine Kombination von Einzel- und Gruppentherapie sinnvoll.\u00a0<\/p>\n\n\n\n<p>In der Therapiegruppe erwartet Sie: ein gesch\u00fctzter Raum zum Austausch, ein empathisches Miteinander, eine verst\u00e4ndnisvolle Atmosph\u00e4re. <\/p>\n<\/div><\/div>\n\n\n\n<div style=\"height:30px\" aria-hidden=\"true\" class=\"wp-block-spacer\"><\/div>\n\n\n\n<div style=\"height:31px\" aria-hidden=\"true\" class=\"wp-block-spacer\"><\/div>\n\n\n\n<blockquote class=\"wp-block-quote is-layout-flow wp-block-quote-is-layout-flow\">\n<p>Die Gruppentherapie richtet sich an Menschen, die:<br>\u2022 offen f\u00fcr Selbstreflexion sind und aktiv an ihren pers\u00f6nlichen Zielen arbeiten m\u00f6chten<br>\u2022 bereit sind, sich konstruktiv einzubringen und andere Teilnehmende zu respektieren<br>\u2022 regelm\u00e4\u00dfig an den Sitzungen teilnehmen k\u00f6nnen<br>\u2022 motiviert sind, eigene Erfahrungen mit neuen Perspektiven zu verbinden<\/p>\n<\/blockquote>\n\n\n<p><!-- \/wp:post-content --><\/p>\n<p><!-- wp:paragraph --><\/p>\n<p>In einem <strong>Vorgespr\u00e4ch im Einzelsetting<\/strong> wird gekl\u00e4rt, ob Gruppentherapie grunds\u00e4tzlich f\u00fcr Ihr Anliegen geeignet ist. Wenn es bereits Befunde gibt, bringen Sie diese bitte zum Vorgespr\u00e4ch mit.<\/p>\n<p><!-- \/wp:paragraph --><\/p>\n<p><!-- wp:paragraph --><\/p>\n<p>Die Gruppen bestehen aus acht bis zehn TeilnehmerInnen und sind sogenannte\u00a0<strong>\u201eslow-open\u201c-Jahresgruppen<\/strong> mit einem nur langsamen Wechsel der Mitglieder. Dadurch lernen sich die TeilnehmerInnen gut kennen und es kann sich Vertrauen untereinander aufbauen. Vor der ersten Teilnahme am Gruppentermin verpflichten sich die TeilnehmerInnen schriftlich zur <strong>VERSCHWIEGENHEIT<\/strong> \u00fcber alle Inhalte der anderen TeilnehmerInnen. Voraussetzung f\u00fcr die Teilnahme ist die Bereitschaft, sich zu \u00f6ffnen und aktiv am Gruppengeschehen teilzunehmen.<\/p>\n<p><em>Wann ist Gruppentherapie nicht geeignet?<\/em> Bei akuten Psychosen, aufrechtem Suchtverhalten, hoher emotionaler Instabilit\u00e4t und in Krisensituationen oder wenn eine regelm\u00e4\u00dfige Teilnahme nicht m\u00f6glich ist.\u00a0<\/p>\n<p><!-- \/wp:paragraph --><\/p>\n<p><!-- wp:spacer {\"height\":\"30px\"} --><\/p>\n<p><!-- \/wp:spacer --><\/p>\n<p><!-- wp:heading --><\/p>\n<p><!-- \/wp:heading --><\/p>\n<p><!-- \/wp:list --><\/p>\n<p><!-- wp:spacer {\"height\":\"30px\"} --><\/p>\n<p><!-- \/wp:spacer --><\/p>\n<p><!-- wp:heading --><\/p>\n<p><!-- \/wp:heading --><\/p>\n<p><!-- wp:paragraph --><\/p>\n<p><!-- \/wp:paragraph --><\/p>\n<p><!-- wp:spacer {\"height\":\"30px\"} --><\/p>\n<p><!-- \/wp:spacer --><\/p>\n<p><!-- wp:heading --><\/p>\n<p><!-- \/wp:heading --><\/p>\n<p><!-- wp:paragraph --><\/p>\n<p><!-- \/wp:paragraph --><\/p>","protected":false},"excerpt":{"rendered":"<p>Als Vertragspartnerin ist es mir m\u00f6glich, kassenfinanzierte Gruppentherapiepl\u00e4tze f\u00fcr Versicherte der \u00d6GK, BVAEB und SVS anzubieten. Gruppentherapie gilt als sehr wirksame Therapieform unter anderem bei sozialen \u00c4ngsten, Panikattacken, R\u00fcckzugsverhalten, Depression, psychosomatischen Erkrankungen, Traumafolgesymptomatik, f\u00fcr Menschen im Autismus-Spektrum. Insbesondere eignet sich Gruppentherapie auch weiterf\u00fchrend nach einem station\u00e4ren Rehaaufenthalt. Oftmals ist auch eine Kombination von Einzel- und&hellip;&nbsp;<a href=\"https:\/\/www.gillinger.at\/psychotherapie\/gruppenpsychotherapie\/\" class=\"\" rel=\"bookmark\">Weiterlesen &raquo;<span class=\"screen-reader-text\">Gruppenpsychotherapie<\/span><\/a><\/p>\n","protected":false},"author":1,"featured_media":0,"parent":0,"menu_order":0,"comment_status":"closed","ping_status":"closed","template":"","meta":{"neve_meta_sidebar":"full-width","neve_meta_container":"","neve_meta_enable_content_width":"on","neve_meta_content_width":100,"neve_meta_title_alignment":"","neve_meta_author_avatar":"","neve_post_elements_order":"","neve_meta_disable_header":"","neve_meta_disable_footer":"","neve_meta_disable_title":"","footnotes":""},"class_list":["post-9334","page","type-page","status-publish","hentry"],"_links":{"self":[{"href":"https:\/\/www.gillinger.at\/psychotherapie\/wp-json\/wp\/v2\/pages\/9334","targetHints":{"allow":["GET"]}}],"collection":[{"href":"https:\/\/www.gillinger.at\/psychotherapie\/wp-json\/wp\/v2\/pages"}],"about":[{"href":"https:\/\/www.gillinger.at\/psychotherapie\/wp-json\/wp\/v2\/types\/page"}],"author":[{"embeddable":true,"href":"https:\/\/www.gillinger.at\/psychotherapie\/wp-json\/wp\/v2\/users\/1"}],"replies":[{"embeddable":true,"href":"https:\/\/www.gillinger.at\/psychotherapie\/wp-json\/wp\/v2\/comments?post=9334"}],"version-history":[{"count":372,"href":"https:\/\/www.gillinger.at\/psychotherapie\/wp-json\/wp\/v2\/pages\/9334\/revisions"}],"predecessor-version":[{"id":11498,"href":"https:\/\/www.gillinger.at\/psychotherapie\/wp-json\/wp\/v2\/pages\/9334\/revisions\/11498"}],"wp:attachment":[{"href":"https:\/\/www.gillinger.at\/psychotherapie\/wp-json\/wp\/v2\/media?parent=9334"}],"curies":[{"name":"wp","href":"https:\/\/api.w.org\/{rel}","templated":true}]}}

<p class="has-neve-link-color-color has-text-color has-link-color wp-elements-acb11d7edf75e2d6968d8d3c9f0f78a6">Als Vertragspartnerin ist es mir möglich, kassenfinanzierte Gruppentherapieplätze für Versicherte der ÖGK, BVAEB und SVS anzubieten.</p>



<div style="height:20px" aria-hidden="true" class="wp-block-spacer"></div>



<div class="wp-block-media-text is-stacked-on-mobile" style="grid-template-columns:49% auto"><figure class="wp-block-media-text__media"><img loading="lazy" decoding="async" width="1024" height="1024" src="https://www.gillinger.at/psychotherapie/wp-content/uploads/2022/06/group-2351896-1024x1024.png" alt="Therapiegruppe" class="wp-image-8522 size-full" srcset="https://www.gillinger.at/psychotherapie/wp-content/uploads/2022/06/group-2351896-1024x1024.png 1024w, https://www.gillinger.at/psychotherapie/wp-content/uploads/2022/06/group-2351896-300x300.png 300w, https://www.gillinger.at/psychotherapie/wp-content/uploads/2022/06/group-2351896-150x150.png 150w, https://www.gillinger.at/psychotherapie/wp-content/uploads/2022/06/group-2351896-768x768.png 768w, https://www.gillinger.at/psychotherapie/wp-content/uploads/2022/06/group-2351896-1536x1536.png 1536w, https://www.gillinger.at/psychotherapie/wp-content/uploads/2022/06/group-2351896.png 1920w" sizes="auto, (max-width: 1024px) 100vw, 1024px" /></figure><div class="wp-block-media-text__content">
<p>Gruppentherapie gilt als sehr wirksame Therapieform unter anderem bei <strong>sozialen Ängsten, Panikattacken, Rückzugsverhalten, Depression, psychosomatischen Erkrankungen, Traumafolgesymptomatik</strong>, für Menschen im <strong>Autismus-Spektrum</strong>. </p>



<p>Insbesondere eignet sich Gruppentherapie auch <strong>weiterführend nach einem stationären Rehaaufenthalt</strong>. Oftmals ist auch eine Kombination von Einzel- und Gruppentherapie sinnvoll. </p>



<p>In der Therapiegruppe erwartet Sie: ein geschützter Raum zum Austausch, ein empathisches Miteinander, eine verständnisvolle Atmosphäre. </p>
</div></div>



<div style="height:30px" aria-hidden="true" class="wp-block-spacer"></div>



<div style="height:31px" aria-hidden="true" class="wp-block-spacer"></div>



<blockquote class="wp-block-quote is-layout-flow wp-block-quote-is-layout-flow">
<p>Die Gruppentherapie richtet sich an Menschen, die:<br>• offen für Selbstreflexion sind und aktiv an ihren persönlichen Zielen arbeiten möchten<br>• bereit sind, sich konstruktiv einzubringen und andere Teilnehmende zu respektieren<br>• regelmäßig an den Sitzungen teilnehmen können<br>• motiviert sind, eigene Erfahrungen mit neuen Perspektiven zu verbinden</p>
</blockquote>


<p><!-- /wp:post-content --></p>
<p><!-- wp:paragraph --></p>
<p>In einem <strong>Vorgespräch im Einzelsetting</strong> wird geklärt, ob Gruppentherapie grundsätzlich für Ihr Anliegen geeignet ist. Wenn es bereits Befunde gibt, bringen Sie diese bitte zum Vorgespräch mit.</p>
<p><!-- /wp:paragraph --></p>
<p><!-- wp:paragraph --></p>
<p>Die Gruppen bestehen aus acht bis zehn TeilnehmerInnen und sind sogenannte <strong>„slow-open“-Jahresgruppen</strong> mit einem nur langsamen Wechsel der Mitglieder. Dadurch lernen sich die TeilnehmerInnen gut kennen und es kann sich Vertrauen untereinander aufbauen. Vor der ersten Teilnahme am Gruppentermin verpflichten sich die TeilnehmerInnen schriftlich zur <strong>VERSCHWIEGENHEIT</strong> über alle Inhalte der anderen TeilnehmerInnen. Voraussetzung für die Teilnahme ist die Bereitschaft, sich zu öffnen und aktiv am Gruppengeschehen teilzunehmen.</p>
<p><em>Wann ist Gruppentherapie nicht geeignet?</em> Bei akuten Psychosen, aufrechtem Suchtverhalten, hoher emotionaler Instabilität und in Krisensituationen oder wenn eine regelmäßige Teilnahme nicht möglich ist. </p>
<p><!-- /wp:paragraph --></p>
<p><!-- wp:spacer {"height":"30px"} --></p>
<p><!-- /wp:spacer --></p>
<p><!-- wp:heading --></p>
<p><!-- /wp:heading --></p>
<p><!-- /wp:list --></p>
<p><!-- wp:spacer {"height":"30px"} --></p>
<p><!-- /wp:spacer --></p>
<p><!-- wp:heading --></p>
<p><!-- /wp:heading --></p>
<p><!-- wp:paragraph --></p>
<p><!-- /wp:paragraph --></p>
<p><!-- wp:spacer {"height":"30px"} --></p>
<p><!-- /wp:spacer --></p>
<p><!-- wp:heading --></p>
<p><!-- /wp:heading --></p>
<p><!-- wp:paragraph --></p>
<p><!-- /wp:paragraph --></p>

<p>Als Vertragspartnerin ist es mir möglich, kassenfinanzierte Gruppentherapieplätze für Versicherte der ÖGK, BVAEB und SVS anzubieten. Gruppentherapie gilt als sehr wirksame Therapieform unter anderem bei sozialen Ängsten, Panikattacken, Rückzugsverhalten, Depression, psychosomatischen Erkrankungen, Traumafolgesymptomatik, für Menschen im Autismus-Spektrum. Insbesondere eignet sich Gruppentherapie auch weiterführend nach einem stationären Rehaaufenthalt. Oftmals ist auch eine Kombination von Einzel- und&hellip;&nbsp;<a href="https://www.gillinger.at/psychotherapie/gruppenpsychotherapie/" class="" rel="bookmark">Weiterlesen &raquo;<span class="screen-reader-text">Gruppenpsychotherapie</span></a></p>
