{"id":942,"date":"2017-10-21T20:30:18","date_gmt":"2017-10-21T18:30:18","guid":{"rendered":"https:\/\/www.gillinger.at\/psychotherapie\/?page_id=942"},"modified":"2024-04-22T15:54:49","modified_gmt":"2024-04-22T13:54:49","slug":"depression","status":"publish","type":"page","link":"https:\/\/www.gillinger.at\/psychotherapie\/depression\/","title":{"rendered":"Depression"},"content":{"rendered":"<p><img loading=\"lazy\" decoding=\"async\" class=\"size-medium wp-image-602 alignright\" src=\"https:\/\/www.gillinger.at\/psychotherapie\/wp-content\/uploads\/2017\/02\/Herbstbl\u00e4tter-300x280.jpg\" alt=\"Depression\" width=\"300\" height=\"280\" srcset=\"https:\/\/www.gillinger.at\/psychotherapie\/wp-content\/uploads\/2017\/02\/Herbstbl\u00e4tter-300x280.jpg 300w, https:\/\/www.gillinger.at\/psychotherapie\/wp-content\/uploads\/2017\/02\/Herbstbl\u00e4tter.jpg 467w\" sizes=\"auto, (max-width: 300px) 100vw, 300px\" \/><\/p>\n<p>Die Depression geh\u00f6rt zu den <strong>h\u00e4ufigsten\u00a0Erkrankungen<\/strong> in den Industriestaaten. Von einer leichten Depression sind im Laufe des Lebens 20% der Bev\u00f6lkerung betroffen, von einer mittelgradigen Depression 8% und von einer schweren Depression 2%. Viele Menschen haben wiederkehrend depressive Phasen.<\/p>\n<p>Hauptsymptome sind gedr\u00fcckte Stimmung, Interessen- und Antriebslosigkeit, vermindertes Selbstwertgef\u00fchl, Freudlosigkeit, erh\u00f6hte Erm\u00fcdbarkeit, Ver\u00e4nderungen im Biorhythmus, Schlafst\u00f6rungen, Appetitlosigkeit. Viele Betroffene berichten \u00fcber Gef\u00fchle der Angst, Leere und Hoffnungslosigkeit. Viele Erkrankte haben Suizidgedanken. Oft geht der Depression eine besondere Belastung voraus.<\/p>\n<p>Es gibt auch organische Erkrankungen oder Mangelzust\u00e4nde, die eine einer Depression zum verwechseln \u00e4hnlich sehen oder eine Depression ausl\u00f6sen k\u00f6nnen. Deshalb ist eine medizinische Abkl\u00e4rung wichtig.<\/p>\n<p>Eine psychotherapeutische Behandlung wird h\u00e4ufig mit einer medikament\u00f6sen Behandlung kombiniert.<\/p>\n","protected":false},"excerpt":{"rendered":"<p>Die Depression geh\u00f6rt zu den h\u00e4ufigsten\u00a0Erkrankungen in den Industriestaaten. Von einer leichten Depression sind im Laufe des Lebens 20% der Bev\u00f6lkerung betroffen, von einer mittelgradigen Depression 8% und von einer schweren Depression 2%. Viele Menschen haben wiederkehrend depressive Phasen. Hauptsymptome sind gedr\u00fcckte Stimmung, Interessen- und Antriebslosigkeit, vermindertes Selbstwertgef\u00fchl, Freudlosigkeit, erh\u00f6hte Erm\u00fcdbarkeit, Ver\u00e4nderungen im Biorhythmus, Schlafst\u00f6rungen,&hellip;&nbsp;<a href=\"https:\/\/www.gillinger.at\/psychotherapie\/depression\/\" class=\"\" rel=\"bookmark\">Weiterlesen &raquo;<span class=\"screen-reader-text\">Depression<\/span><\/a><\/p>\n","protected":false},"author":1,"featured_media":603,"parent":0,"menu_order":0,"comment_status":"closed","ping_status":"closed","template":"","meta":{"neve_meta_sidebar":"","neve_meta_container":"","neve_meta_enable_content_width":"","neve_meta_content_width":0,"neve_meta_title_alignment":"","neve_meta_author_avatar":"","neve_post_elements_order":"","neve_meta_disable_header":"","neve_meta_disable_footer":"","neve_meta_disable_title":"","footnotes":""},"class_list":["post-942","page","type-page","status-publish","has-post-thumbnail","hentry"],"_links":{"self":[{"href":"https:\/\/www.gillinger.at\/psychotherapie\/wp-json\/wp\/v2\/pages\/942","targetHints":{"allow":["GET"]}}],"collection":[{"href":"https:\/\/www.gillinger.at\/psychotherapie\/wp-json\/wp\/v2\/pages"}],"about":[{"href":"https:\/\/www.gillinger.at\/psychotherapie\/wp-json\/wp\/v2\/types\/page"}],"author":[{"embeddable":true,"href":"https:\/\/www.gillinger.at\/psychotherapie\/wp-json\/wp\/v2\/users\/1"}],"replies":[{"embeddable":true,"href":"https:\/\/www.gillinger.at\/psychotherapie\/wp-json\/wp\/v2\/comments?post=942"}],"version-history":[{"count":48,"href":"https:\/\/www.gillinger.at\/psychotherapie\/wp-json\/wp\/v2\/pages\/942\/revisions"}],"predecessor-version":[{"id":10030,"href":"https:\/\/www.gillinger.at\/psychotherapie\/wp-json\/wp\/v2\/pages\/942\/revisions\/10030"}],"wp:featuredmedia":[{"embeddable":true,"href":"https:\/\/www.gillinger.at\/psychotherapie\/wp-json\/wp\/v2\/media\/603"}],"wp:attachment":[{"href":"https:\/\/www.gillinger.at\/psychotherapie\/wp-json\/wp\/v2\/media?parent=942"}],"curies":[{"name":"wp","href":"https:\/\/api.w.org\/{rel}","templated":true}]}}